What is the highest common factor of 10187 and 1169?
167
Calculate the highest common factor of 924 and 2100.
84
What is the highest common divisor of 12 and 84?
12
What is the greatest common divisor of 95 and 3325?
95
What is the greatest common factor of 3971 and 11?
11
Calculate the greatest common factor of 917 and 7.
7
What is the highest common divisor of 96 and 1488?
48
Calculate the highest common factor of 7025 and 25.
25
What is the greatest common factor of 320 and 2?
2
Calculate the highest common divisor of 7 and 910.
7
Calculate the greatest common divisor of 3247 and 85.
17
What is the highest common factor of 14 and 5138?
14
Calculate the highest common factor of 1617 and 15477.
231
Calculate the greatest common factor of 167 and 3.
1
What is the greatest common divisor of 318 and 6?
6
What is the greatest common factor of 4281 and 3?
3
Calculate the highest common factor of 357 and 42.
21
Calculate the greatest common divisor of 78 and 351.
39
What is the highest common divisor of 12 and 348?
12
Calculate the highest common factor of 184 and 5750.
46
Calculate the greatest common factor of 44 and 3146.
22
What is the highest common divisor of 22209 and 33?
33
Calculate the greatest common divisor of 7 and 1561.
7
What is the greatest common divisor of 13 and 2106?
13
Calculate the greatest common factor of 13 and 949.
13
Calculate the highest common divisor of 15 and 16545.
15
What is the greatest common factor of 68 and 170?
34
What is the greatest common divisor of 1638 and 624?
78
Calculate the greatest common divisor of 3887 and 23.
23
What is the greatest common divisor of 196 and 49?
49
Calculate the greatest common factor of 176 and 5192.
88
Calculate the highest common divisor of 42 and 426.
6
What is the greatest common factor of 8446 and 164?
82
Calculate the highest common divisor of 8980 and 90.
10
What is the greatest common divisor of 15062 and 68?
34
Calculate the greatest common factor of 12720 and 75.
15
Calculate the highest common factor of 188 and 4.
4
Calculate the highest common factor of 1 and 967.
1
What is the greatest common factor of 20 and 6140?
20
Calculate the greatest common divisor of 4884 and 333.
111
Calculate the greatest common divisor of 162 and 6.
6
What is the greatest common divisor of 110 and 11880?
110
What is the greatest common factor of 170 and 10?
10
What is the greatest common factor of 21 and 763?
7
What is the greatest common factor of 11 and 88?
11
Calculate the greatest common factor of 95 and 9500.
95
Calculate the highest common factor of 5 and 24.
1
Calculate the highest common divisor of 68 and 153.
17
What is the highest common factor of 171 and 741?
57
Calculate the highest common divisor of 12 and 44.
4
What is the greatest common divisor of 8225 and 50?
25
Calculate the greatest common factor of 40 and 10.
10
What is the highest common factor of 5293 and 237?
79
Calculate the greatest common factor of 4136 and 11.
11
Calculate the greatest common divisor of 118 and 32.
2
What is the highest common factor of 116 and 58?
58
Calculate the greatest common factor of 168 and 14952.
168
Calculate the greatest common factor of 2346 and 207.
69
What is the greatest common factor of 49 and 35?
7
What is the greatest common factor of 6804 and 21?
21
What is the highest common divisor of 273 and 336?
21
Calculate the highest common divisor of 5 and 395.
5
What is the greatest common factor of 90 and 66?
6
What is the greatest common divisor of 4 and 147?
1
What is the greatest common factor of 14025 and 1496?
187
What is the greatest common divisor of 10 and 2360?
10
What is the greatest common factor of 125 and 15?
5
What is the highest common divisor of 53795 and 70?
35
What is the greatest common factor of 21 and 64281?
21
What is the greatest common factor of 21600 and 54?
54
Calculate the greatest common factor of 135 and 5.
5
What is the highest common divisor of 1880 and 60?
20
Calculate the greatest common divisor of 30 and 10245.
15
Calculate the highest common factor of 7785 and 225.
45
Calculate the highest common factor of 344 and 1935.
43
What is the highest common divisor of 4895 and 25?
5
What is the highest common factor of 279 and 51?
3
Calculate the highest common factor of 171 and 1197.
171
What is the greatest common factor of 438 and 8614?
146
What is the greatest common divisor of 5 and 16645?
5
Calculate the highest common divisor of 96 and 36.
12
What is the highest common factor of 294 and 1302?
42
What is the greatest common factor of 76 and 95?
19
Calculate the greatest common factor of 648 and 576.
72
Calculate the highest common factor of 24 and 5784.
24
Calculate the highest common factor of 3860 and 180.
20
Calculate the greatest common divisor of 280 and 952.
56
Calculate the greatest common divisor of 1024 and 4.
4
What is the highest common factor of 1104 and 69?
69
Calculate the highest common divisor of 9 and 108.
9
Calculate the highest common divisor of 11 and 187.
11
What is the highest common factor of 2760 and 220?
20
Calculate the highest common factor of 6510 and 840.
210
What is the greatest common divisor of 29 and 58?
29
What is the greatest common factor of 13 and 169?
13
What is the highest common factor of 153 and 850?
17
What is the greatest common factor of 60 and 270?
30
What is the greatest common divisor of 505 and 15?
5
What is the highest common divisor of 936 and 9?
9
Calculate the highest common divisor of 55 and 385.
55
What is the highest common divisor of 132 and 2724?
12
What is the greatest common divisor of 30 and 105?
15
What is the highest common divisor of 3330 and 148?
74
Calculate the greatest common factor of 8 and 1128.
8
What is the highest common divisor of 123 and 492?
123
Calculate the highest common divisor of 21525 and 75.
75
What is the greatest common divisor of 8235 and 732?
183
What is the highest common factor of 436 and 4?
4
What is the greatest common divisor of 21 and 546?
21
What is the highest common divisor of 928 and 224?
32
What is the highest common divisor of 162 and 1215?
81
Calculate the highest common divisor of 378 and 81.
27
Calculate the greatest common factor of 9184 and 112.
112
What is the highest common factor of 189 and 14?
7
Calculate the highest common factor of 10 and 115.
5
Calculate the greatest common divisor of 99 and 429.
33
What is the highest common factor of 10545 and 222?
111
What is the highest common divisor of 72 and 1188?
36
Calculate the greatest common divisor of 27022 and 118.
118
Calculate the highest common factor of 7412 and 204.
68
What is the highest common factor of 120 and 195?
15
Calculate the highest common divisor of 2065 and 177.
59
What is the highest common factor of 30 and 585?
15
What is the greatest common divisor of 8 and 106?
2
What is the highest common divisor of 7 and 413?
7
Calculate the greatest common divisor of 2354 and 11128.
214
Calculate the greatest common factor of 85 and 136.
17
Calculate the greatest common factor of 3474 and 72.
18
What is the highest common divisor of 714 and 561?
51
Calculate the greatest common factor of 137 and 20413.
137
Calculate the greatest common factor of 130 and 26.
26
Calculate the greatest common factor of 3381 and 147.
147
Calculate the highest common divisor of 10944 and 3.
3
Calculate the greatest common factor of 108 and 108.
108
Calculate the highest common divisor of 5899 and 5552.
347
Calculate the greatest common divisor of 2070 and 54.
18
What is the greatest common divisor of 22 and 1793?
11
Calculate the greatest common divisor of 64 and 304.
16
What is the highest common factor of 15 and 705?
15
What is the greatest common divisor of 520 and 13?
13
What is the greatest common divisor of 112 and 2884?
28
Calculate the highest common factor of 5 and 7465.
5
Calculate the highest common factor of 740 and 80.
20
Calculate the greatest common divisor of 1441 and 88.
11
Calculate the highest common factor of 20568 and 24.
24
What is the highest common factor of 7102 and 53?
53
What is the greatest common factor of 102 and 2091?
51
Calculate the greatest common divisor of 71 and 12709.
71
Calculate the greatest common divisor of 207 and 46.
23
What is the highest common factor of 4755 and